 the hundreds digit of h?
8
Let k(g) = -13*g - 104. Let d be k(-11). Suppose -d = -67*v + 64*v. What is the units digit of v?
3
Suppose -37 - 383 = -z. What is the units digit of z?
0
Let q(g) = g**2 + 2*g - 6. Let x be q(4). Suppose 2*l = 3*m - x, 3*l + 5 = m - 1. What is the units digit of ((-12)/(-1))/(m/4)?
8
Suppose -2*m + 2639 = -1307. What is the thousands digit of m?
1
Suppose 1694 = -3*y + 4559. What is the units digit of y?
5
Suppose 4*n = 5*n + 2, 4*u = 3*n + 26. Let h be u - 8 - (-139 - -3). What is the units digit of (-2)/(-7) - (-8208)/h?
2
Let f be 46*1*49/14. Let i = f + -105. What is the tens digit of i?
5
Suppose -32 = 4*q - 8*q. Let z be ((-4)/q*2)/(-1). What is the units digit of z/(-2)*(4 + -22)?
9
Let u(y) be the third derivative of y**4/24 + 2*y**3/3 - 4*y**2. Let l be u(0). Suppose -2*b + 20 = l. What is the units digit of b?
8
Suppose -15 = -3*f - 0*f. Suppose h = p, f*h + 1 = 26. Suppose u - p*u = -148. What is the tens digit of u?
3
Suppose u + 3*v = 659, 2*u + v = 212 + 1086. What is the hundreds digit of u?
6
Suppose -5*k + 68 + 1817 = 0. What is the tens digit of k?
7
Let k(w) = w**3 - 6*w**2 - 23*w + 12. Let d be -5 + 5 + (0 - -10). What is the hundreds digit of k(d)?
1
Suppose 0*h - 3*h = -30. Suppose 0 = 7*j + h - 38. Suppose -j*x + 144 = -0*x. What is the tens digit of x?
3
Let h be 2/1 + (1 - -17857). What is the units digit of (h/18)/10 + (-4)/18?
9
What is the tens digit of -28*(-3 - (-118)/(-8))?
9
Suppose -37950 = -18*k - 28*k. What is the units digit of k?
5
Suppose -2*f - 3*k + 505 + 165 = 0, -4*k + 1006 = 3*f. What is the hundreds digit of f?
3
Let n(l) = l**3 - 7*l**2 + 7*l - 3. Suppose 4*z + 3*f - 27 = 14, 2*z + 3*f - 13 = 0. Suppose 0*k - 2*k + z = 0. What is the units digit of n(k)?
6
Let f(w) = w**3 - 3*w**2 + 4*w - 7. Let j be f(3). Suppose -j*x = -12*x + 420. What is the units digit of x?
0
Suppose 4*a - p = -11 + 15, 0 = 3*p - 12. What is the hundreds digit of (a/(-8))/((-7599)/2532 + 3)?
2
What is the thousands digit of (-1 + -3)/(18/(-11052))?
2
Let u be (-6 + 2)/2 + (-230)/(-1). Suppose j + j = 2*v - u, -5*v + 4*j = -573. What is the units digit of v?
7
Suppose 0 = 3*k + 439 + 107. Let a be (-756)/k - 2/13. Suppose u = 4*p + a, -2*u + 13 + 28 = 3*p. What is the tens digit of u?
1
Suppose 0 = -2*j + 5*v + 13, j - 3*v + 2 = 9. Suppose j*k = -3*w - 2*w + 259, 0 = -2*w + k + 114. What is the units digit of w?
5
Suppose 4*r + b - 142 = 0, r - 2*b - 40 = -0*b. Suppose f = -2*f + r. What is the units digit of f?
2
Let h = 20 - 15. Suppose h*p = -0*p - 3*y + 26, -2*p + 10 = y. Suppose -11 = -p*l + 61. What is the units digit of l?
8
Let d be 18/2 + (0 - 4). Let o(k) = -k**3 + 6*k**2 - 6. Let t be o(d). Suppose t + 1 = 4*f, -5*f = -2*q + 31. What is the units digit of q?
8
Let f(j) = 449*j - 6. What is the tens digit of f(1)?
4
Suppose 0*v - 3*v = 0. What is the units digit of 4 + 0/(-1 + v)?
4
Suppose 5*k - 133 = 2*y, 52 - 164 = -4*k - 4*y. What is the tens digit of k?
2
Let m(t) = -t**3 + 4*t**2 + 3*t - 8. Let i(l) = l + 4. Let b be i(0). Let k be m(b). What is the units digit of 1 + -2 + k*16?
3
Let j(i) = -41*i**3 - 7*i**2 + 10*i + 1. Let l be j(4). What is the units digit of (-3)/(-18) + l/(-30) + -3?
7
Suppose -14*f = -424 - 346. Suppose -f = -5*x + 5*h, 5*x - 19 = -9*h + 5*h. What is the units digit of x?
7
Let u(y) = 5*y + 85. Let p be u(-9). Suppose -2 = -6*d + 4*d. Suppose -x + v = -p, 2*v = v - d. What is the units digit of x?
9
Let y(u) = u**3 - 13*u**2 + u + 1. Let k = -7 - -20. Let w be y(k). Suppose -3*o + w = -76. What is the units digit of o?
0
Suppose l + 4 = -5*w + 19, 3*l = 5*w - 15. Suppose 0 = w*s - s - 20. Let m = s + -9. What is the units digit of m?
1
Let s(b) = 3*b - 3. Let c be s(2). What is the tens digit of 1/(c/42) - -4?
1
Let i(l) be the second derivative of -1/20*l**5 + 0 + 3*l + 0*l**4 + 25/2*l**2 + 1/6*l**3. What is the units digit of i(0)?
5
Suppose 3*j + 4219 = 4*x, -4*j = -5*j + 3. What is the tens digit of x?
5
Let r(z) = 4*z**2 + 11*z + 49. What is the hundreds digit of r(-9)?
2
Let w(r) = -2*r**3 - 7*r**2 + r - 2. What is the units digit of w(-10)?
8
Suppose -2*i - 314 = 2*s - 4*i, 2*s - 4*i + 308 = 0. Let d = -22 - 68. Let l = d - s. What is the units digit of l?
0
Let h be ((-16)/40)/(3/(-59 - 1)). Suppose -h*n + 2881 = 705. What is the hundreds digit of n?
2
Let d(u) = 383*u - 26. What is the tens digit of d(3)?
2
Let t(j) = 3*j**2 - 8*j + 2. What is the tens digit of t(-2)?
3
Suppose 64873 = 59*o - 30*o. What is the thousands digit of o?
2
Suppose -7*b + 53 = -3. Suppose b*n - 189 = 5*n. What is the tens digit of n?
6
What is the hundreds digit of (-33992)/84*(-9)/6?
6
Let q be ((-6)/8)/((-1)/40). Suppose 0 = 26*x - 24*x - 20. Suppose 3*l = 5*f - x, -f + q = f + 4*l. What is the units digit of f?
5
Suppose -t + 8 = -2*h - 7, h = -5*t + 42. Let f = t - 5. Suppose 0 = -f*j - 12, 0*j - 12 = -l + 2*j. What is the units digit of l?
6
Let o be 63 + 1 + (18/3)/2. Let m = -33 + o. What is the tens digit of m?
3
Let r(q) = 4*q - 18. Let k(b) be the first derivative of -b + 5. Let h(c) = -36*k(c) + 2*r(c). What is the units digit of h(1)?
8
Let r = 986 + -515. What is the tens digit of r?
7
Suppose -1 = -4*f - 17. What is the tens digit of 24*(-6)/(-4) - f?
4
What is the units digit of 44695/14 + (-4)/(-8)?
3
Let o(z) = -z - 2. Let k be o(-3). Suppose -d + 21 = -5*y, -k + 0 = -3*y + 4*d. Let h = 15 + y. What is the tens digit of h?
1
Let a = 2580 + -1364. What is the thousands digit of a?
1
Suppose 0 = -66*n + 212882 + 142792. What is the units digit of n?
9
What is the tens digit of 268/5 + (-18)/30?
5
Suppose 4*a = 3*w + 1208, 0 = w - 0 - 4. Suppose 3*b = 136 + a. What is the units digit of b?
7
Suppose 8*n = -3*x + 6*n + 7346, -3*x + n + 7352 = 0. What is the units digit of x?
0
Suppose 118*w - 7350 = 103*w. What is the hundreds digit of w?
4
Let b(r) = -2*r**2 - 4*r. Let s be b(-4). Let c = s - -18. What is the units digit of c?
2
Suppose -72*z = -73*z - 9. What is the units digit of (375/(-10) + z)/((-1)/4)?
6
Let s(f) = -f**3 - 6*f**2 + 5*f + 9. Let a be s(-7). Suppose d = -3*w - w, 0 = -5*d + 3*w + a. Suppose d*c = 41 + 35. What is the tens digit of c?
1
Suppose -38 = -3*r - 4*n, -4*n + 16 = r - 2. Let g(u) = -u**3 - 11*u**2 + 2*u**2 + 2*u**3 - 3*u. What is the units digit of g(r)?
0
Let z(y) = 18 - y - 3 + 2. Let j = -369 + 380. What is the units digit of z(j)?
6
Suppose -5*s - 2*c = -3772, -1519 - 746 = -3*s - 3*c. What is the hundreds digit of s?
7
Suppose 4*h - 2 = 10. Suppose -2*o - 5 = -h*o. Suppose -4*j - k = -16, 4 = o*j + 4*k - 16. What is the units digit of j?
4
Suppose 71*a + 210 = 77*a. What is the tens digit of a?
3
Suppose -8*x = -9 - 7. Suppose -4*p = u + 9, -4*u + 21 = x*p - 5*p. Suppose 0 = -u*r + 7*r - 100. What is the units digit of r?
5
Suppose 2*l + 6 = 0, -3*v - l - 5 = -2. What is the units digit of -2 + 4 + v - -6?
8
Suppose 3*t = 7*t + 40. Let l be (-4)/t*(-3 + -17). What is the units digit of (-1 + 60/l)*-2?
7
Let x be 13 + 7/((-14)/(-6)). Let f be 68/x - 3/12. Suppose 5*d + f*a = 194, -4*d = 3*a - 32 - 124. What is the units digit of d?
2
Suppose 0*j = 3*w + 3*j + 21, 85 = -5*w + 5*j. Let m = 2 - w. Let r = 22 - m. What is the units digit of r?
8
Let s(o) = -127*o - 1012. What is the hundreds digit of s(-40)?
0
Let t(q) = q**3 + 13*q**2 - 3*q + 4. Let s be t(-8). Suppose -s = -10*z + 4*z. What is the tens digit of z?
5
Let s be ((-9)/((-288)/(-3944)))/((-2)/8). Let z = -271 + s. What is the tens digit of z?
2
Let x be (-46)/(-10) - 33/55. Suppose -4*l = z - 212, 0 = x*l - 6*l - 4*z + 120. What is the tens digit of l?
5
Let o = -1 - -4. Let r be (35/(-2))/(o/(-6)). Suppose 7*q - 2*q - r = 0. What is the units digit of q?
7
Suppose 12*t = 11*t - 4. What is the tens digit of (t - -1)*343/(-21)?
4
Suppose 5*g = 2*b - 6436, 6*b - 11*b + g = -16067. What is the hundreds digit of b?
2
Let j = 3 - 3. Suppose j = -r - r + 16. Suppose -4*n - r = -32. What is the units digit of n?
6
What is the hundreds digit of 4218/8 + 6 + (-150)/24?
5
Let o = 72 - 72. Suppose 2*z - 83 - 29 = o. What is the units digit of z?
6
Suppose 4*s - 99 = s. Suppose -2*n + s = -203. What is the tens digit of n?
1
Let k = 669 + -390. What is the units digit of k?
9